by z.
1
Suppose 9*j + 48 = 15*j. Let i(l) = l**2 - 7*l + 10. Suppose 5*d - 3*d = 140. Calculate the remainder when d is divided by i(j).
16
Suppose -2*n + n - 2*o = 6, 3*n + 3 = -3*o. Suppose 0*u - n*u + 24 = -3*z, -3*u + 18 = -z. Calculate the remainder when 57 is divided by u.
3
Let y = -395 - -417. What is the remainder when 31 is divided by y?
9
Suppose 30 = -19*n + 22*n. What is the remainder when 149 is divided by n?
9
Let l = 867 + -662. What is the remainder when l is divided by 21?
16
Let b = 19 - 14. Suppose 0 = -0*s - b*s - 70. What is the remainder when 4/s + 275/7 is divided by 10?
9
Let m(s) = -25*s**3 - s**2 - s. Let y be m(-2). Suppose y = a - 7*a. Calculate the remainder when (22/a)/(2/(-96)) is divided by 9.
5
Let r = 34 - -11. Suppose 0*c = 5*c - r. Suppose -n + 5 = a - 4*n, -3*n = -3*a + c. Calculate the remainder when 7 is divided by a.
1
Let n = 157 - 109. Let t = n - 33. Let k = t - 8. What is the remainder when 27 is divided by k?
6
Let w = -19 + 23. Suppose -n + 3 = -w. What is the remainder when n is divided by 4?
3
Calculate the remainder when (-1)/6 + 0 - 229369/(-906) is divided by 36.
1
Suppose -5*m + 77*r + 589 = 74*r, 0 = 3*m - 5*r - 347. Calculate the remainder when m is divided by 28 - ((-2 - -2) + -2).
29
Let c = -94 - -116. What is the remainder when 149 is divided by c?
17
Suppose -k - 6 - 1 = 0. Let c(w) = 5*w + 78. What is the remainder when c(k) is divided by 32?
11
Let q(l) = l**2 + 21*l + 4. Calculate the remainder when q(-25) is divided by 22.
16
Suppose 4*v + 55 + 5 = 2*q, 5*v + q = -61. Let k = v - -13. Suppose 4*c = -k*a + 3*a + 6, 3*a = 6. Calculate the remainder when 3 is divided by c.
0
Calculate the remainder when -10*1*((-56)/20 - -2) is divided by 6.
2
Let u = -1554 - -1611. Calculate the remainder when u is divided by 53.
4
Let g = -182 + 113. What is the remainder when 66 is divided by g/(-3) - (1 + -1)?
20
Suppose -2*g - 18 = -3*g. Suppose 22*r - g*r = 188. Calculate the remainder when r is divided by 16.
15
Let l(h) = -2*h + 7. Let a = -15 - -18. What is the remainder when l(a) is divided by 1?
0
Let i = 118 + -106. Let v = -25 + 48. Calculate the remainder when i is divided by v/3 - 6/9.
5
Let t = -1532 - -916. Let k = 873 + t. What is the remainder when k is divided by 37?
35
Suppose 0 = -7*c + 1196 + 232. What is the remainder when c is divided by 9?
6
What is the remainder when 2346 is divided by 174/(-261)*(-261)/2?
84
Let q(s) = s**2 + 7*s + 10. Let j be q(-4). Let i(r) = r**3 + 3*r - 1. Calculate the remainder when 0 + j + -13 + 152 is divided by i(3).
32
Let v = -3 + 3. Suppose g + v*o = o, 0 = 3*g - 4*o + 4. Calculate the remainder when 58 is divided by (-6 + g)*(-15)/2.
13
Let t(a) = 78*a**2 - 7*a - 7. Let q be t(-1). Suppose q = -b + 96. Calculate the remainder when 71 is divided by b.
17
Let p(m) = -972*m - 1917. Let n(j) = -26*j + 3. Calculate the remainder when n(-4) is divided by p(-2).
26
Suppose 5*d + 96 = 4*t, -55 - 24 = -5*t - 4*d. Suppose -71 = -0*j - 2*j + w, -2*w - 37 = -j. Calculate the remainder when j is divided by t.
16
Let w(y) = -2*y**3 + 17*y**2 - 1 - 6*y**2 + 9 + y**3 - 7*y. What is the remainder when w(10) is divided by 10?
8
Let b(s) = 66*s**2 - 5*s + 3. Let y be b(1). Suppose 7*v = 5*v + y. What is the remainder when v is divided by 7?
4
Let b(n) = n**3 + 8*n**2 - 8*n - 9. Let f be b(-9). Suppose -3*g + 0 = -6. Let c = g - f. Calculate the remainder when 37 is divided by c.
17
Suppose 3*o = w + 44, 0*w + w - 34 = -3*o. Calculate the remainder when o is divided by (-6 - -9)*-1 - -8.
3
Suppose 48*l - 47*l = -6. What is the remainder when (-78 + 4)*(l/4 - -1) is divided by 0/(-2) + 8 + 2?
7
Let h = -3 - 1. Let v be 8/(-2)*2/h. Suppose 1 = f - 3*p - 7, -4*f - v*p = -4. What is the remainder when 4 is divided by f?
0
Let i = 327 + -265. Calculate the remainder when i is divided by 52.
10
Suppose 0 = 3*s - 7*s - 4*v + 36, -2*v - 60 = -4*s. Suppose -252 = -2*b - 2*b. What is the remainder when b is divided by s?
11
Suppose -6*p - 1593 = -33*p. Calculate the remainder when 1769 is divided by p.
58
Suppose -w - v - 456 = -3*w, 5*v + 440 = 2*w. Suppose 2*z + 149 = s, w = 2*s + 2*z - 62. Calculate the remainder when s is divided by 30.
27
Suppose w - 5*s = -0*s + 143, 5*s - 522 = -4*w. Suppose 0 = -0*t + 7*t - w. What is the remainder when 35 is divided by t?
16
Let t(b) = 37*b + 6. Let v be t(2). Let y = 83 - v. What is the remainder when y is divided by 1?
0
Suppose 10*y - 25*y = -795. Calculate the remainder when 206 is divided by y.
47
Suppose -4*i + 13 = -51. Calculate the remainder when 270 is divided by i.
14
Let h(t) = 19*t - 41. Calculate the remainder when 1779 is divided by h(5).
51
Let k(b) = 245*b + 46. What is the remainder when k(2) is divided by 15?
11
Suppose 3*q + 19 = 4*g - 97, 0 = q - 4. Calculate the remainder when g is divided by 12.
8
Let r = -200 - -203. What is the remainder when 4 is divided by r?
1
Suppose 5*i - 78 = -23. Let p = i + -10. What is the remainder when (-1 + p)/2 + 7 is divided by 5?
2
Suppose -20*h + 47*h = 324. Let z = -28 + 47. Calculate the remainder when z is divided by h.
7
Let u = 101 - 91. What is the remainder when (-6)/(u/45 - 37/45) is divided by 4?
2
Let h = 11 - 3. What is the remainder when h is divided by (-11 + 1)*10/(-25)?
0
Let a = 22 - 19. Suppose 3*n - 2*f = -a*f + 70, -68 = -4*n + 5*f. What is the remainder when 59 is divided by n?
15
Let v(f) = -3*f**3 - 5*f + 5*f**3 - 1 + 4 - 3*f**2. Calculate the remainder when v(4) is divided by 17.
12
Suppose 4*r = -10*r + 462. What is the remainder when 62 is divided by r?
29
Let g be (28/6 - (-4)/12) + 0. Suppose g*l = -13 + 48. Calculate the remainder when 12 is divided by l.
5
Let l(v) = 2*v**2 - 32*v + 50. Calculate the remainder when 98 is divided by l(16).
48
Suppose 6*h + 3*u + 7 = h, -2*h + u = -6. What is the remainder when 15 is divided by (8/1 - 4) + (h - 1)?
3
Let g = -368 + 391. What is the remainder when 516 is divided by g?
10
Suppose 12*v - 1060 = -28. What is the remainder when 117 is divided by v?
31
Let f(k) = 8*k**3 - 6*k**2 + 6*k + 1. What is the remainder when f(2) is divided by 9?
8
Let o = 332 - 299. Calculate the remainder when 104 is divided by o.
5
Suppose -9 = 56*t - 177. Suppose 2*p = -p + 33. What is the remainder when p is divided by t?
2
What is the remainder when ((-30)/40)/(3/(-108)) is divided by 9?
0
Calculate the remainder when 225 is divided by (-190)/(-3)*(-5 - 186/(-30)).
73
Calculate the remainder when (10280/(-32))/(-5)*4 is divided by 52.
49
Suppose -233 - 22 = -15*b. What is the remainder when 329 is divided by b?
6
Let h(l) = 3*l + 1. Let p be h(1). Suppose -4*t + 4*d - 78 = -10, 5*t - p*d + 87 = 0. Let u = -10 - t. What is the remainder when 26 is divided by u?
8
Suppose -406 = -2*z + 5*a - 129, -5*z + a + 635 = 0. Let g = z - 67. Calculate the remainder when g is divided by 21.
17
Let f(l) = 2*l**2 + 7*l - 5. Let b be f(-5). What is the remainder when ((-82)/b)/((-12)/60) is divided by 11?
8
Suppose 0 = 3*o - 3*d - 15, 3*o - 20 = 4*d - 5. What is the remainder when 152 is divided by o?
2
Suppose 0 = -4*d + 3*d - 3*w + 6, -4*d - w - 9 = 0. Let g = 2 - d. Suppose s - 21 = -4*k, 3*k + g*s - 3 = -0*s. Calculate the remainder when 23 is divided by k.
5
Let p(f) = 16*f - 100. Calculate the remainder when p(18) is divided by 38.
36
Let r = -895 - -933. Suppose -40 = -o - 3*o. What is the remainder when r is divided by o?
8
Let w = -782 + 874. What is the remainder when 267 is divided by w?
83
Suppose 2*p = 8 - 4. Suppose p*l = 3*l - 8. Calculate the remainder when (-1 - (-81)/3) + -4 is divided by l.
6
Let w be -2*2*(-2)/4. Suppose -3*s = -2*v - w*v + 158, 3*v - 108 = -3*s. Calculate the remainder when v is divided by -1*1*(5 + -25).
18
Suppose -10 = -f + h - 6*h, f = -2*h + 16. What is the remainder when f is divided by 13?
7
Let t(y) = -y**3 + 10*y**2 - 2*y - 29. Let a be t(6). Suppose -a = -7*m + 212. Calculate the remainder when 222 is divided by m.
42
Suppose -10*c = -4*c - 54. Suppose -c = 4*s - 21. What is the remainder when 9 is divided by s?
0
Let z = 47 - 19. Suppose o + 10 = z. Suppose 14 = 4*d + 2*k, 2*k + 2 + 29 = 5*d. Calculate the remainder when o is divided by d.
3
Let c be 77/(-14)*1*12. Let t = c + 93. Wha